me factors of z?
11
Suppose -2*v = -0*h - 3*h - 8, -3*v = h + 10. Let w(y) = y**3 + 3*y**2 - 5*y + 1. What are the prime factors of w(h)?
5
Let m = 28 - -78. What are the prime factors of m?
2, 53
Let f(l) = -l**2 - 10*l + 5. Let i be f(-10). Suppose 4*b + i*k = k - 68, 0 = -k - 5. List the prime factors of (4/b)/((-1)/33).
11
Let g = 30 + -19. Suppose -5*w + 45 = 3*b, -5*b + g = 3*w - 0*b. List the prime factors of (w/7)/((-2)/(-14)).
2, 3
Suppose -3*w = -8*w + 25. Suppose 0 = 2*y + 2*c - w*c - 45, -3*y - 4*c + 42 = 0. List the prime factors of y.
2, 3
Suppose 0 = -2*a + 3*a - 82. List the prime factors of a.
2, 41
Let s(f) = -11*f**2 - f - 2. Let h be s(2). Let o = -34 - h. Suppose -3*w + 1 = -5*x, 4*x - o = -3*w + 23. List the prime factors of w.
7
Let i = 14 + 3. What are the prime factors of i?
17
Let p(o) = o**3 + 4*o**2 - 6*o - 2. Suppose -4 = 3*z + 8. What are the prime factors of p(z)?
2, 11
Suppose -3*r - 2*r + 90 = 2*x, 0 = 3*x + 15. List the prime factors of r.
2, 5
Suppose 71*t = 75*t - 748. List the prime factors of t.
11, 17
Suppose -4*a + 80 = 3*n, -6*n + 3*a + 140 = -2*n. What are the prime factors of n?
2
Let v(x) = -7*x**2 - x. Let n be v(-1). Let u = 30 + -7. Let i = n + u. List the prime factors of i.
17
Let b(c) = -c**2 - 10*c - 4. Let d be b(-10). Let u(o) = -o**3 - 4*o**2 - 3*o - 6. What are the prime factors of u(d)?
2, 3
Suppose -2*h - 144 = -3*h. List the prime factors of h.
2, 3
Let z = -3 - -2. What are the prime factors of (z/3)/((-1)/15)?
5
Let a be ((-3)/(-3) - 0) + -2. What are the prime factors of (15/12)/(a/(-4))?
5
Let l(o) = -6*o - 9. List the prime factors of l(-6).
3
Let z = -3 + 5. Let k be 70 - (z + -4 - 0). Suppose -3*v = 24 - k. List the prime factors of v.
2
Let d(a) = a - 9. Let r be d(12). What are the prime factors of -4*r/(-6) + 12?
2, 7
Let m be (5/10)/(2/520). Suppose -l - 4*l = -m. Let h = l - 16. List the prime factors of h.
2, 5
Let f = 8 + 19. Let i = f - -11. Suppose -i = -3*r + 25. What are the prime factors of r?
3, 7
Let t be 38/10 + (-7)/(-35). Suppose 0 = f + u - 13, -t*f + 2*u = -72 + 8. Let h = 29 - f. What are the prime factors of h?
2, 7
Let b(y) = y**3 + 7*y**2 + 4*y - 6. Let u be b(-6). Suppose 11*g = -265 + 760. What are the prime factors of 8/u*g/5?
2, 3
Let p be (-12)/4*8/(-6). Suppose a + 5*s + 5 = 0, -p*a - 5*s + 3*s = -16. Suppose a + 22 = 3*b. What are the prime factors of b?
3
Let c be 1/(-2) + (-2)/(-4). Let m = 2 - c. Suppose -42 = -n - m*n. What are the prime factors of n?
2, 7
Let w(a) be the first derivative of -a**3/3 - 11*a**2/2 - 8*a + 1. What are the prime factors of w(-9)?
2, 5
Let c(t) = 7*t - 3. Let m be (-5)/(-2)*12/15. List the prime factors of c(m).
11
Let h = -3 + 5. Suppose h*i - 5 - 1 = 0. List the prime factors of 10/i*(2 + 1).
2, 5
Let c = 28 + 13. Let w = c + -20. What are the prime factors of w?
3, 7
Let p = 117 + -82. List the prime factors of p.
5, 7
Let d = -4 - -10. Suppose q + 37 = 2*i, 0 = -2*q - 0*q - d. List the prime factors of i.
17
Suppose 8*n - 249 = -2*u + 3*n, 2*u - 276 = 4*n. What are the prime factors of u?
2, 3, 11
Suppose -s + 15 - 39 = -5*h, -2*h = 5*s + 12. What are the prime factors of h?
2
Let x(v) = -v - 6. Let a(m) = -4*m - 19. Let c(n) = 2*a(n) - 7*x(n). List the prime factors of c(0).
2
Suppose -2*s + 97 = -5*w, -s - 2*s + 113 = -w. What are the prime factors of s?
2, 3
Let d = 140 - 67. List the prime factors of d.
73
Suppose -4*k + 12 = -4. Suppose -k*j - 84 = -2*b, -2*j + 31 = 3*b - 55. What are the prime factors of b?
2
Let s(a) = a**2 + 3*a - 5. Let d be s(-5). Suppose -5*o = 10, -d*k + 5*o = -k - 82. List the prime factors of k.
2, 3
Let f = 666 - 374. What are the prime factors of f?
2, 73
Suppose 28 = 2*p + 2*f, 2*f = p - 0*f - 14. Let n = 20 - p. What are the prime factors of n?
2, 3
Let n(x) be the first derivative of -3*x**2/2 + 4*x - 3. List the prime factors of n(-6).
2, 11
Suppose -2*d = -3*d - 29. Let u = d - -40. List the prime factors of u.
11
Suppose 3*q = 12, -5*o + 370 = -0*o + 5*q. What are the prime factors of o?
2, 5, 7
Let s = -16 + -34. Suppose m - 5*o - 31 = 2*m, 2*o = -m - 16. What are the prime factors of s/2*m/10?
3, 5
List the prime factors of 4/20 + (-678)/(-10).
2, 17
Let k = -1 + -9. What are the prime factors of (-165)/k*4/6?
11
Let v(h) = -23*h + 3. Let m be v(-3). Suppose 2*l = 6*l - m. List the prime factors of (-1*3)/(l/(-96)).
2
Let r = -122 + 172. What are the prime factors of r?
2, 5
Let d(l) be the second derivative of 0 - l + 1/2*l**3 + 0*l**2. List the prime factors of d(2).
2, 3
Let p be 13/(-1 + 6/4). Suppose m - p = -4. List the prime factors of (-1 + 0)/((-2)/m).
11
Let f(c) = -c**3 + c**2 - 3*c. List the prime factors of f(-3).
3, 5
Suppose 0*i - 2*i = 0. Let p be -2*2/((-12)/27). Let g = i + p. What are the prime factors of g?
3
Let s = -4 - -8. Suppose -s = -2*a, -4*r = -5*r - 4*a + 3. Let j(b) = b**2 + 3*b - 5. What are the prime factors of j(r)?
5
Let b(s) = s**3 + 3*s**2 - s - 4. Let q be b(-3). Let d = -1 - -1. What are the prime factors of 9/(2 + (q - d))?
3
Let o = 28 + -13. Let l = 24 - o. List the prime factors of l.
3
Let t(r) = 4*r + 25. What are the prime factors of t(12)?
73
Let x(l) = l**2 + 14*l - 24. List the prime factors of x(8).
2, 19
Let a(h) = 11*h**2 + 3*h - 3. List the prime factors of a(-2).
5, 7
Let v = -38 - -88. List the prime factors of v.
2, 5
Suppose -3*f + 32 = 2*p - 41, 3*p = 2*f + 142. Let k = -25 + p. List the prime factors of k.
19
Let y = -61 - -86. Suppose 5*c + 10 = 4*t, t = 6*t - y. Suppose 0 = -2*m + 2*z + 32, -c*m = 2*m - z - 58. List the prime factors of m.
2, 7
List the prime factors of 5790/70 + (0 - 4/(-14)).
83
Suppose 3*h = 2*m - 246, -2*m + m + 124 = -2*h. List the prime factors of m.
2, 3, 5
Suppose 0*r = -2*r + 50. Let d be 8/(-2)*r/(-20). Suppose -13 = -3*t + 4*j + 16, -d*j = -t + 17. What are the prime factors of t?
7
Suppose -2*c - 80 = -4*d + 2*c, -60 = -3*d + c. What are the prime factors of d?
2, 5
Let h = 21 - 12. Let q be (48/h)/((-1)/(-6)). Let y = q + -21. List the prime factors of y.
11
Let i(w) = -4*w - 3. Let g be i(-2). Let l(o) = o**3 - 3*o**2 - 7*o + 3. List the prime factors of l(g).
2, 3
Suppose -6*q + 177 = -3*q. Suppose 92 = -0*o + 4*o + 4*c, 3*o + 5*c = q. List the prime factors of o/6*3/2.
7
Let h = 7 + 3. Let q = 16 - h. Let j(k) = k + 2. What are the prime factors of j(q)?
2
Suppose -1 = 5*q - 6. Let p be 0 - 0 - (-5 - q). Let z = p + -3. List the prime factors of z.
3
Let s(q) = q**2 - 5*q + 3. Let r be s(5). Suppose r*z + z - 2*i = 44, 3*i = -5*z + 77. List the prime factors of z.
13
Let w(c) = c**3 - 5*c**2 - 3*c - 6. Suppose -5*h + 12 = -h. Suppose 2*z = -3*x + 22, -2*x + 6 = -0*x - h*z. What are the prime factors of w(x)?
2, 3
Suppose 10 = 5*a, -141 = -2*b + 3*a + 13. What are the prime factors of b?
2, 5
Let x be 1/(-2) - (-3)/(-6). Let q be 0 - x - -2 - 0. Suppose 0*a + 4*w = a - 5, -q*a + 15 = -2*w. List the prime factors of a.
5
Let p(g) = 12*g - 7. List the prime factors of p(6).
5, 13
Suppose 5 = 3*g - 85. List the prime factors of g.
2, 3, 5
Let v(i) = -i - 11. List the prime factors of v(-14).
3
Let x = -4 + 6. Suppose -4*h - 29 = x*u + 3*u, -2*h = -3*u - 13. List the prime factors of -3*(-10)/(-3)*h.
2, 5
Suppose -g - 75 = -5*q, q - g - 2*g = 1. Suppose q = 6*i - 2*i. Suppose -4*d - 35 = -2*c - 5*d, -i*d + 64 = 4*c. What are the prime factors of c?
19
Suppose 53*o - 580 = 48*o. What are the prime factors of o?
2, 29
Suppose -2*r = -5 + 1. What are the prime factors of (4/(-6))/(r/(-6))?
2
Let g = 25 - 17. What are the prime factors of g?
2
Let r = 103 - 53. Suppose 0 = -3*t + t + r. What are the prime factors of t?
5
Let h(r) = 5*r**3 + 1. Let x be h(1). Suppose -40 = -x*t + t. List the prime factors of t.
2
Let l(a) = 3*a + 2. Let z(y) = y**3 - 6*y**2 - 2*y + 7. Let f be z(6). Let o = f + 8. What are the prime factors of l(o)?
11
Let s(n) = n**3 - 14*n**2 + 15*n + 5. Let y(x) = -4*x - 7. Let a be y(-5). List the prime factors of s(a).
31
Suppose x = 4*l - 2*x + 63, 3*l + 5*x = -69. What are the prime factors of l*(-3 - (-21)/9)?
2, 3
Let v be 0 - 1*(0 - -1). Let p be -3*((-75)/9 - v). What are the prime factors of (-4)/(16/p)*-2?
11
Let m = 126 - 77. List the prime factors of m.
7
L